{"id":233,"date":"2021-09-29T13:14:13","date_gmt":"2021-09-29T13:14:13","guid":{"rendered":"http:\/\/franckycricketbackup.local\/?page_id=233"},"modified":"2022-07-06T13:25:30","modified_gmt":"2022-07-06T13:25:30","slug":"biographie","status":"publish","type":"page","link":"https:\/\/franckycriquet.art\/en\/biographie\/","title":{"rendered":"Who is Francky Criquet"},"content":{"rendered":"<p><strong>Francky Criquet<\/strong>, n\u00e9 le 19 septembre 1968 \u00e0 La Fl\u00e8che (Sarthe), est issu d\u2019une longue lign\u00e9e de ferrailleurs-brocanteurs. Son p\u00e8re est natif de Fort de France, et sa m\u00e8re, n\u00e9e \u00e0 Orbec (Calvados), est normande.<\/p>\n\n\n\n<p>Tout jeune, Francky se passionne pour les objets d\u2019art de toutes sortes qu\u2019il voit passer autour de lui et notamment pour les dessins et les peintures. Cette exp\u00e9rience le marque pour toujours et fait na\u00eetre en lui le d\u00e9sir de dessiner, de peindre et de modeler pour son pur plaisir avec un grand talent pr\u00e9coce.<\/p>\n\n\n\n<p>En 1978, \u00e0 dix ans, il r\u00e9alise pour l\u2019\u00e9cole primaire de Verron o\u00f9 il est \u00e9l\u00e8ve, une fresque murale. Il en peint une autre pour son coll\u00e8ge en 1980. Cette ann\u00e9e-l\u00e0, il a douze ans, il gagne le premier prix du concours de la Jeune Peinture organis\u00e9 par la ville du Mans. Ses dessins sont expos\u00e9s l\u2019ann\u00e9e d\u2019apr\u00e8s \u00e0 la mairie de La Fl\u00e8che.<\/p>\n\n\n\n<p>Francky Criquet m\u00e8ne son propre apprentissage en restaurant et en retouchant gravures et peintures sur le chantier familial.<\/p>\n\n\n\n<p>D\u00e8s ses 18 ans, il se d\u00e9cide \u00e0 vendre de l\u2019antiquit\u00e9 sur de nombreux march\u00e9s et salons d\u2019antiquaires. Il lui arrive parfois de restaurer des tableaux anciens pour des antiquaires. Certains tableaux finissent expos\u00e9s dans des mus\u00e9es, comme \u00e0 Nantes, ou chez des collectionneurs.<\/p>\n\n\n\n<p>\u00c0 c\u00f4t\u00e9 de ce travail, il \u00e9crit de la po\u00e9sie, des nouvelles, s\u2019int\u00e9resse au th\u00e9\u00e2tre, donne des cours, dessine, peint, sculpte, fait de la c\u00e9ramique et expose \u00e0 Nantes (aux Transbordeurs en 1980, \u00e0 l\u2019Atelier La Gobreti\u00e8re en 1992-93, \u00e0 Atelier d\u2019Art d\u2019Art en 1993-94). En 1995, Francky Criquet part pour l\u2019Espagne o\u00f9 il travaille une ann\u00e9e en Andalousie. Il peint dans l\u2019atelier de Julio Fernandez Ceballos Montalban qui devient son ma\u00eetre de peinture. L\u2019ann\u00e9e suivante, c\u2019est vers l\u2019Angleterre qu\u2019il \u00e9migre. Il y r\u00e9alise plus de trois cents tableaux qui seront vendus plus tard aux \u00c9tats Unis.<\/p>\n\n\n\n<p>\u00c0 la fin de 1996, il revient en France et se mobilise dans les travaux d\u2019architecture et de r\u00e9habilitation de l\u2019espace troglodyte dont il a con\u00e7u l\u2019am\u00e9nagement dans le Maine et Loire. Ceci ne l\u2019emp\u00eache pas de peindre et d\u2019exposer \u00e0 Paris, Lyon et Marseille. Jamais, en effet, il ne s\u2019arr\u00eate de cr\u00e9er : dessin, peinture, sculpture et sont pour lui une n\u00e9cessit\u00e9 quotidienne, une part incontournable de sa vie, \u00e9galement ponctu\u00e9e de pr\u00e9sentations au public, aux amateurs et collectionneurs.<\/p>\n\n\n\n<p>En 2003, des expositions sont organis\u00e9es par ses galeristes au Br\u00e9sil, \u00e0 l\u2019Ambassade de France \u00e0 Sao Paulo; aux Pays Bas \u00e0 Megen ainsi qu\u2019en Italie. L\u2019ann\u00e9e suivante, ses \u0153uvres sont montr\u00e9es \u00e0 New York et \u00e0 Miami. De 2005 \u00e0 2008, il expose r\u00e9guli\u00e8rement en Chine. Sa galerie, Sangshan Art, organise de nombreuses expositions \u00e0 Shangha\u00ef, \u00e0 P\u00e9kin et \u00e0 HangZhou.<\/p>\n\n\n\n<p>Dans la m\u00eame p\u00e9riode, il continue d\u2019exposer dans les plus grandes villes de France : Paris, Marseille, Lyon ou La Rochelle. En 2010, il entame une collaboration avec une nouvelle galerie italienne qui lui organise plusieurs expositions en Italie, \u00e0 Rome, \u00e0 Montefalco et \u00e0 Brescia.<\/p>\n\n\n\n<p>En 2013, les Archives Yves Klein, avenue du Maine \u00e0 Paris, organisent une exposition de ses peintures et c\u00e9ramiques. L\u2019ann\u00e9e suivante, Francky Criquet se consacre pleinement \u00e0 son art en atelier, r\u00e9alisant sculptures et peintures, qui se concr\u00e9tisent par une exposition de ses \u0153uvres \u00e0 Lyon (\u00ab La Galerie \u00bb).<\/p>","protected":false},"excerpt":{"rendered":"<p>Francky Criquet, n\u00e9 le 19 septembre 1968 \u00e0 La Fl\u00e8che (Sarthe), est issu d\u2019une longue lign\u00e9e de ferrailleurs-brocanteurs. Son p\u00e8re est natif de Fort de France, et sa m\u00e8re, n\u00e9e \u00e0 Orbec (Calvados), est normande. Tout jeune, Francky se passionne pour les objets d\u2019art de toutes sortes qu\u2019il voit passer autour de lui et notamment [&hellip;]<\/p>\n","protected":false},"author":1,"featured_media":921,"parent":0,"menu_order":0,"comment_status":"closed","ping_status":"closed","template":"page-hero.php","meta":{"footnotes":""},"class_list":["post-233","page","type-page","status-publish","has-post-thumbnail","hentry"],"_links":{"self":[{"href":"https:\/\/franckycriquet.art\/en\/wp-json\/wp\/v2\/pages\/233","targetHints":{"allow":["GET"]}}],"collection":[{"href":"https:\/\/franckycriquet.art\/en\/wp-json\/wp\/v2\/pages"}],"about":[{"href":"https:\/\/franckycriquet.art\/en\/wp-json\/wp\/v2\/types\/page"}],"author":[{"embeddable":true,"href":"https:\/\/franckycriquet.art\/en\/wp-json\/wp\/v2\/users\/1"}],"replies":[{"embeddable":true,"href":"https:\/\/franckycriquet.art\/en\/wp-json\/wp\/v2\/comments?post=233"}],"version-history":[{"count":0,"href":"https:\/\/franckycriquet.art\/en\/wp-json\/wp\/v2\/pages\/233\/revisions"}],"wp:featuredmedia":[{"embeddable":true,"href":"https:\/\/franckycriquet.art\/en\/wp-json\/wp\/v2\/media\/921"}],"wp:attachment":[{"href":"https:\/\/franckycriquet.art\/en\/wp-json\/wp\/v2\/media?parent=233"}],"curies":[{"name":"wp","href":"https:\/\/api.w.org\/{rel}","templated":true}]}}

<p><strong>Francky Criquet</strong>, né le 19 septembre 1968 à La Flèche (Sarthe), est issu d’une longue lignée de ferrailleurs-brocanteurs. Son père est natif de Fort de France, et sa mère, née à Orbec (Calvados), est normande.</p>



<p>Tout jeune, Francky se passionne pour les objets d’art de toutes sortes qu’il voit passer autour de lui et notamment pour les dessins et les peintures. Cette expérience le marque pour toujours et fait naître en lui le désir de dessiner, de peindre et de modeler pour son pur plaisir avec un grand talent précoce.</p>



<p>En 1978, à dix ans, il réalise pour l’école primaire de Verron où il est élève, une fresque murale. Il en peint une autre pour son collège en 1980. Cette année-là, il a douze ans, il gagne le premier prix du concours de la Jeune Peinture organisé par la ville du Mans. Ses dessins sont exposés l’année d’après à la mairie de La Flèche.</p>



<p>Francky Criquet mène son propre apprentissage en restaurant et en retouchant gravures et peintures sur le chantier familial.</p>



<p>Dès ses 18 ans, il se décide à vendre de l’antiquité sur de nombreux marchés et salons d’antiquaires. Il lui arrive parfois de restaurer des tableaux anciens pour des antiquaires. Certains tableaux finissent exposés dans des musées, comme à Nantes, ou chez des collectionneurs.</p>



<p>À côté de ce travail, il écrit de la poésie, des nouvelles, s’intéresse au théâtre, donne des cours, dessine, peint, sculpte, fait de la céramique et expose à Nantes (aux Transbordeurs en 1980, à l’Atelier La Gobretière en 1992-93, à Atelier d’Art d’Art en 1993-94). En 1995, Francky Criquet part pour l’Espagne où il travaille une année en Andalousie. Il peint dans l’atelier de Julio Fernandez Ceballos Montalban qui devient son maître de peinture. L’année suivante, c’est vers l’Angleterre qu’il émigre. Il y réalise plus de trois cents tableaux qui seront vendus plus tard aux États Unis.</p>



<p>À la fin de 1996, il revient en France et se mobilise dans les travaux d’architecture et de réhabilitation de l’espace troglodyte dont il a conçu l’aménagement dans le Maine et Loire. Ceci ne l’empêche pas de peindre et d’exposer à Paris, Lyon et Marseille. Jamais, en effet, il ne s’arrête de créer : dessin, peinture, sculpture et sont pour lui une nécessité quotidienne, une part incontournable de sa vie, également ponctuée de présentations au public, aux amateurs et collectionneurs.</p>



<p>En 2003, des expositions sont organisées par ses galeristes au Brésil, à l’Ambassade de France à Sao Paulo; aux Pays Bas à Megen ainsi qu’en Italie. L’année suivante, ses œuvres sont montrées à New York et à Miami. De 2005 à 2008, il expose régulièrement en Chine. Sa galerie, Sangshan Art, organise de nombreuses expositions à Shanghaï, à Pékin et à HangZhou.</p>



<p>Dans la même période, il continue d’exposer dans les plus grandes villes de France : Paris, Marseille, Lyon ou La Rochelle. En 2010, il entame une collaboration avec une nouvelle galerie italienne qui lui organise plusieurs expositions en Italie, à Rome, à Montefalco et à Brescia.</p>



<p>En 2013, les Archives Yves Klein, avenue du Maine à Paris, organisent une exposition de ses peintures et céramiques. L’année suivante, Francky Criquet se consacre pleinement à son art en atelier, réalisant sculptures et peintures, qui se concrétisent par une exposition de ses œuvres à Lyon (« La Galerie »).</p>

<p>Francky Criquet, né le 19 septembre 1968 à La Flèche (Sarthe), est issu d’une longue lignée de ferrailleurs-brocanteurs. Son père est natif de Fort de France, et sa mère, née à Orbec (Calvados), est normande. Tout jeune, Francky se passionne pour les objets d’art de toutes sortes qu’il voit passer autour de lui et notamment [&hellip;]</p>
